s of 4915.
5, 983
What are the prime factors of 1547?
7, 13, 17
List the prime factors of 1130.
2, 5, 113
What are the prime factors of 15103?
11, 1373
What are the prime factors of 2191?
7, 313
What are the prime factors of 8526?
2, 3, 7, 29
List the prime factors of 13902.
2, 3, 7, 331
What are the prime factors of 2163?
3, 7, 103
List the prime factors of 196.
2, 7
What are the prime factors of 22768?
2, 1423
List the prime factors of 16853.
19, 887
What are the prime factors of 2851?
2851
List the prime factors of 2743.
13, 211
List the prime factors of 74398.
2, 37199
List the prime factors of 609.
3, 7, 29
What are the prime factors of 11335?
5, 2267
What are the prime factors of 26122?
2, 37, 353
List the prime factors of 2812.
2, 19, 37
List the prime factors of 1162.
2, 7, 83
List the prime factors of 3247.
17, 191
What are the prime factors of 4246?
2, 11, 193
What are the prime factors of 2223?
3, 13, 19
List the prime factors of 118385.
5, 23677
List the prime factors of 8476.
2, 13, 163
What are the prime factors of 275?
5, 11
List the prime factors of 762.
2, 3, 127
List the prime factors of 41582.
2, 17, 1223
List the prime factors of 884.
2, 13, 17
What are the prime factors of 3103?
29, 107
What are the prime factors of 52164?
2, 3, 7, 23
What are the prime factors of 2073?
3, 691
List the prime factors of 269.
269
List the prime factors of 972.
2, 3
What are the prime factors of 20654?
2, 23, 449
List the prime factors of 21314.
2, 10657
What are the prime factors of 3351?
3, 1117
List the prime factors of 37954.
2, 7, 2711
What are the prime factors of 75?
3, 5
List the prime factors of 1903.
11, 173
List the prime factors of 256.
2
What are the prime factors of 1024?
2
List the prime factors of 4261.
4261
What are the prime factors of 4309?
31, 139
List the prime factors of 1392.
2, 3, 29
List the prime factors of 10895.
5, 2179
What are the prime factors of 2544?
2, 3, 53
List the prime factors of 138.
2, 3, 23
List the prime factors of 16762.
2, 17, 29
List the prime factors of 116869.
19, 6151
What are the prime factors of 47708?
2, 11927
List the prime factors of 40792.
2, 5099
List the prime factors of 3003.
3, 7, 11, 13
List the prime factors of 3399.
3, 11, 103
List the prime factors of 3881.
3881
What are the prime factors of 888?
2, 3, 37
List the prime factors of 5091.
3, 1697
What are the prime factors of 60708?
2, 3, 5059
List the prime factors of 879.
3, 293
List the prime factors of 2993.
41, 73
List the prime factors of 1969.
11, 179
What are the prime factors of 738?
2, 3, 41
What are the prime factors of 20323?
20323
What are the prime factors of 902?
2, 11, 41
List the prime factors of 886.
2, 443
List the prime factors of 67764.
2, 3, 5647
What are the prime factors of 15870?
2, 3, 5, 23
List the prime factors of 26326.
2, 13163
List the prime factors of 8434.
2, 4217
What are the prime factors of 34400?
2, 5, 43
What are the prime factors of 461?
461
List the prime factors of 2364.
2, 3, 197
List the prime factors of 7226.
2, 3613
What are the prime factors of 93074?
2, 173, 269
What are the prime factors of 10186?
2, 11, 463
What are the prime factors of 20356?
2, 7, 727
What are the prime factors of 1692?
2, 3, 47
What are the prime factors of 17065?
5, 3413
List the prime factors of 10108.
2, 7, 19
What are the prime factors of 18930?
2, 3, 5, 631
List the prime factors of 743.
743
List the prime factors of 5658.
2, 3, 23, 41
What are the prime factors of 3494?
2, 1747
List the prime factors of 1849.
43
What are the prime factors of 32569?
32569
List the prime factors of 1148.
2, 7, 41
What are the prime factors of 63538?
2, 31769
What are the prime factors of 3064?
2, 383
List the prime factors of 63265.
5, 12653
What are the prime factors of 3425?
5, 137
What are the prime factors of 4785?
3, 5, 11, 29
List the prime factors of 20643.
3, 7, 983
What are the prime factors of 3597?
3, 11, 109
List the prime factors of 5803.
7, 829
List the prime factors of 105776.
2, 11, 601
What are the prime factors of 92353?
92353
What are the prime factors of 1986?
2, 3, 331
What are the prime factors of 3359?
3359
What are the prime factors of 426?
2, 3, 71
What are the prime factors of 223?
223
What are the prime factors of 2087?
2087
List the prime factors of 7636.
2, 23, 83
What are the prime factors of 3486?
2, 3, 7, 83
List the prime factors of 16245.
3, 5, 19
List the prime factors of 4986.
2, 3, 277
List the prime factors of 2937.
3, 11, 89
List the prime factors of 1617.
3, 7, 11
What are the prime factors of 15069?
3, 5023
What are the prime factors of 1143?
3, 127
List the prime factors of 6030.
2, 3, 5, 67
List the prime factors of 977.
977
What are the prime factors of 16518?
2, 3, 2753
What are the prime factors of 12075?
3, 5, 7, 23
List the prime factors of 2841.
3, 947
What are the prime factors of 1980?
2, 3, 5, 11
List the prime factors of 73373.
239, 307
What are the prime factors of 11142?
2, 3, 619
What are the prime factors of 459?
3, 17
List the prime factors of 59865.
3, 5, 13, 307
List the prime factors of 3221.
3221
What are the prime factors of 10258?
2, 23, 223
What are the prime factors of 8791?
59, 149
List the prime factors of 2657.
2657
List the prime factors of 2390.
2, 5, 239
List the prime factors of 49867.
47, 1061
List the prime factors of 3698.
2, 43
What are the prime factors of 1019?
1019
List the prime factors of 10340.
2, 5, 11, 47
List the prime factors of 68212.
2, 17053
List the prime factors of 5258.
2, 11, 239
List the prime factors of 16814.
2, 7, 1201
What are the prime factors of 658?
2, 7, 47
What are the prime factors of 2976?
2, 3, 31
List the prime factors of 141958.
2, 70979
What are the prime factors of 103347?
3, 11483
List the prime factors of 2890.
2, 5, 17
List the prime factors of 8112.
2, 3, 13
What are the prime factors of 47684?
2, 7, 13, 131
List the prime factors of 26319.
3, 31, 283
What are the prime factors of 904?
2, 113
What are the prime factors of 786?
2, 3, 131
What are the prime factors of 1354?
2, 677
What are the prime factors of 2935?
5, 587
List the prime factors of 3604.
2, 17, 53
What are the prime factors of 643?
643
What are the prime factors of 12405?
3, 5, 827
What are the prime factors of 8178?
2, 3, 29, 47
List the prime factors of 6087.
3, 2029
What are the prime factors of 16971?
3, 5657
List the prime factors of 4474.
2, 2237
List the prime factors of 88815.
3, 5, 31, 191
List the prime factors of 60981.
3, 20327
List the prime factors of 3445.
5, 13, 53
What are the prime factors of 3853?
3853
What are the prime factors of 8288?
2, 7, 37
What are the prime factors of 8006?
2, 4003
What are the prime factors of 110435?
5, 13, 1699
List the prime factors of 587.
587
What are the prime factors of 150435?
3, 5, 3343
List the prime factors of 5674.
2, 2837
List the prime factors of 16992.
2, 3, 59
List the prime factors of 14883.
3, 11, 41
What are the prime factors of 4017?
3, 13, 103
List the prime factors of 118578.
2, 3, 19763
List the prime factors of 12823.
12823
List the prime factors of 3383.
17, 199
What are the prime factors of 11761?
19, 619
List the prime factors of 52831.
23, 2297
List the prime factors of 39410.
2, 5, 7, 563
What are the prime factors of 2751?
3, 7, 131
List the prime factors of 4454.
2, 17, 131
What are the prime factors of 4399?
53, 83
What are the prime factors of 49?
7
List the prime factors of 5169.
3, 1723
List the prime factors of 2129.
2129
What are the prime factors of 2231?
23, 97
List the prime factors of 737.
11, 67
What are the prime factors of 604?
2, 151
What are the prime factors of 89927?
19, 4733
List the prime factors of 158.
2, 79
What are the prime factors of 93682?
2, 31, 1511
What are the prime factors of 9316?
2, 17, 137
List the prime factors of 78963.
3, 26321
List the prime factors of 2289.
3, 7, 109
List the prime factors of 19561.
31, 631
What are the prime factors of 731?
17, 43
List the prime factors of 5480.
2, 5, 137
What are the prime factors of 7456?
2, 233
List the prime factors of 2569.
7, 367
What are the prime factors of 1196?
2, 13, 23
List the prime factors of 6359.
6359
List the prime factors of 5593.
7, 17, 47
List the prime factors of 9720.
2, 3, 5
W